{"id":4236,"date":"2022-08-16T10:19:31","date_gmt":"2022-08-16T13:19:31","guid":{"rendered":"https:\/\/loja.arteduka.com.br\/shop\/?post_type=product&#038;p=4236"},"modified":"2025-04-23T19:33:40","modified_gmt":"2025-04-23T22:33:40","slug":"jogo-de-estecas-12-unidades","status":"publish","type":"product","link":"https:\/\/loja.arteduka.com.br\/shop\/produto\/jogo-de-estecas-12-unidades\/","title":{"rendered":"Jogo de Estecas &#8211; 12 unidades"},"content":{"rendered":"<p>Este jogo tem 12 estecas\u00a0 e cada uma com 2 pontas diferentes.<\/p>\n<p>&nbsp;<\/p>\n<p>Cada ponta tem fun\u00e7\u00f5es que te possibilitam criar detalhes incr\u00edveis como boca de bonequinhos mais simples , furo das narinas , abertura de boca , cantinhos de olho e p\u00e1lpebras.<\/p>\n<p>&nbsp;<\/p>\n<p>Tamb\u00e9m permite criar texturas variadas.<\/p>\n<p>&nbsp;<\/p>\n<p>Com a criatividade voc\u00ea consegue usar de v\u00e1rias formas essas ferramentas<\/p>\n","protected":false},"excerpt":{"rendered":"<p>Este jogo tem 12 estecas\u00a0 e cada uma com 2 pontas diferentes.<\/p>\n<p>&nbsp;<\/p>\n<p>Cada ponta tem fun\u00e7\u00f5es que te possibilitam criar detalhes incr\u00edveis como boca de bonequinhos mais simples , furo das narinas , abertura de boca , cantinhos de olho e p\u00e1lpebras.<\/p>\n<p>&nbsp;<\/p>\n<p>Tamb\u00e9m permite criar texturas variadas.<\/p>\n<p>&nbsp;<\/p>\n<p>Com a criatividade voc\u00ea consegue usar de v\u00e1rias formas essas ferramentas<\/p>\n","protected":false},"featured_media":4237,"comment_status":"open","ping_status":"closed","template":"","meta":[],"product_cat":[15],"product_tag":[154,112],"class_list":{"0":"post-4236","1":"product","2":"type-product","3":"status-publish","4":"has-post-thumbnail","6":"product_cat-ferramentas-bluestar","7":"product_tag-estecas","8":"product_tag-ferramentas-para-biscuit","10":"first","11":"instock","12":"shipping-taxable","13":"purchasable","14":"product-type-simple"},"yoast_head":"<!-- This site is optimized with the Yoast SEO plugin v23.0 - https:\/\/yoast.com\/wordpress\/plugins\/seo\/ -->\n<title>Jogo de Estecas - 12 unidades - loja.arteduka<\/title>\n<meta name=\"robots\" content=\"index, follow, max-snippet:-1, max-image-preview:large, max-video-preview:-1\" \/>\n<link rel=\"canonical\" href=\"https:\/\/loja.arteduka.com.br\/shop\/produto\/jogo-de-estecas-12-unidades\/\" \/>\n<meta property=\"og:locale\" content=\"pt_BR\" \/>\n<meta property=\"og:type\" content=\"article\" \/>\n<meta property=\"og:title\" content=\"Jogo de Estecas - 12 unidades - loja.arteduka\" \/>\n<meta property=\"og:description\" content=\"Este jogo tem 12 estecas\u00a0 e cada uma com 2 pontas diferentes.  &nbsp;  Cada ponta tem fun\u00e7\u00f5es que te possibilitam criar detalhes incr\u00edveis como boca de bonequinhos mais simples , furo das narinas , abertura de boca , cantinhos de olho e p\u00e1lpebras.  &nbsp;  Tamb\u00e9m permite criar texturas variadas.  &nbsp;  Com a criatividade voc\u00ea consegue usar de v\u00e1rias formas essas ferramentas\" \/>\n<meta property=\"og:url\" content=\"https:\/\/loja.arteduka.com.br\/shop\/produto\/jogo-de-estecas-12-unidades\/\" \/>\n<meta property=\"og:site_name\" content=\"loja.arteduka\" \/>\n<meta property=\"article:publisher\" content=\"https:\/\/www.facebook.com\/arteduka\" \/>\n<meta property=\"article:modified_time\" content=\"2025-04-23T22:33:40+00:00\" \/>\n<meta property=\"og:image\" content=\"https:\/\/loja.arteduka.com.br\/wp-content\/uploads\/2022\/08\/estecas-1.jpeg\" \/>\n\t<meta property=\"og:image:width\" content=\"720\" \/>\n\t<meta property=\"og:image:height\" content=\"812\" \/>\n\t<meta property=\"og:image:type\" content=\"image\/jpeg\" \/>\n<meta name=\"twitter:card\" content=\"summary_large_image\" \/>\n<meta name=\"twitter:label1\" content=\"Est. tempo de leitura\" \/>\n\t<meta name=\"twitter:data1\" content=\"1 minuto\" \/>\n<script type=\"application\/ld+json\" class=\"yoast-schema-graph\">{\"@context\":\"https:\/\/schema.org\",\"@graph\":[{\"@type\":\"WebPage\",\"@id\":\"https:\/\/loja.arteduka.com.br\/shop\/produto\/jogo-de-estecas-12-unidades\/\",\"url\":\"https:\/\/loja.arteduka.com.br\/shop\/produto\/jogo-de-estecas-12-unidades\/\",\"name\":\"Jogo de Estecas - 12 unidades - loja.arteduka\",\"isPartOf\":{\"@id\":\"https:\/\/loja.arteduka.com.br\/shop\/#website\"},\"primaryImageOfPage\":{\"@id\":\"https:\/\/loja.arteduka.com.br\/shop\/produto\/jogo-de-estecas-12-unidades\/#primaryimage\"},\"image\":{\"@id\":\"https:\/\/loja.arteduka.com.br\/shop\/produto\/jogo-de-estecas-12-unidades\/#primaryimage\"},\"thumbnailUrl\":\"https:\/\/loja.arteduka.com.br\/wp-content\/uploads\/2022\/08\/estecas-1.jpeg\",\"datePublished\":\"2022-08-16T13:19:31+00:00\",\"dateModified\":\"2025-04-23T22:33:40+00:00\",\"breadcrumb\":{\"@id\":\"https:\/\/loja.arteduka.com.br\/shop\/produto\/jogo-de-estecas-12-unidades\/#breadcrumb\"},\"inLanguage\":\"pt-BR\",\"potentialAction\":[{\"@type\":\"ReadAction\",\"target\":[\"https:\/\/loja.arteduka.com.br\/shop\/produto\/jogo-de-estecas-12-unidades\/\"]}]},{\"@type\":\"ImageObject\",\"inLanguage\":\"pt-BR\",\"@id\":\"https:\/\/loja.arteduka.com.br\/shop\/produto\/jogo-de-estecas-12-unidades\/#primaryimage\",\"url\":\"https:\/\/loja.arteduka.com.br\/wp-content\/uploads\/2022\/08\/estecas-1.jpeg\",\"contentUrl\":\"https:\/\/loja.arteduka.com.br\/wp-content\/uploads\/2022\/08\/estecas-1.jpeg\",\"width\":720,\"height\":812},{\"@type\":\"BreadcrumbList\",\"@id\":\"https:\/\/loja.arteduka.com.br\/shop\/produto\/jogo-de-estecas-12-unidades\/#breadcrumb\",\"itemListElement\":[{\"@type\":\"ListItem\",\"position\":1,\"name\":\"In\u00edcio\",\"item\":\"https:\/\/loja.arteduka.com.br\/shop\/\"},{\"@type\":\"ListItem\",\"position\":2,\"name\":\"Materiais para Biscuit\",\"item\":\"https:\/\/loja.arteduka.com.br\/shop\/\"},{\"@type\":\"ListItem\",\"position\":3,\"name\":\"Jogo de Estecas &#8211; 12 unidades\"}]},{\"@type\":\"WebSite\",\"@id\":\"https:\/\/loja.arteduka.com.br\/shop\/#website\",\"url\":\"https:\/\/loja.arteduka.com.br\/shop\/\",\"name\":\"loja.arteduka\",\"description\":\"materiais para biscuit\",\"publisher\":{\"@id\":\"https:\/\/loja.arteduka.com.br\/shop\/#organization\"},\"potentialAction\":[{\"@type\":\"SearchAction\",\"target\":{\"@type\":\"EntryPoint\",\"urlTemplate\":\"https:\/\/loja.arteduka.com.br\/shop\/?s={search_term_string}\"},\"query-input\":\"required name=search_term_string\"}],\"inLanguage\":\"pt-BR\"},{\"@type\":\"Organization\",\"@id\":\"https:\/\/loja.arteduka.com.br\/shop\/#organization\",\"name\":\"Arteduka\",\"url\":\"https:\/\/loja.arteduka.com.br\/shop\/\",\"logo\":{\"@type\":\"ImageObject\",\"inLanguage\":\"pt-BR\",\"@id\":\"https:\/\/loja.arteduka.com.br\/shop\/#\/schema\/logo\/image\/\",\"url\":\"https:\/\/loja.arteduka.com.br\/wp-content\/uploads\/2021\/06\/biscuit-3.png\",\"contentUrl\":\"https:\/\/loja.arteduka.com.br\/wp-content\/uploads\/2021\/06\/biscuit-3.png\",\"width\":32,\"height\":32,\"caption\":\"Arteduka\"},\"image\":{\"@id\":\"https:\/\/loja.arteduka.com.br\/shop\/#\/schema\/logo\/image\/\"},\"sameAs\":[\"https:\/\/www.facebook.com\/arteduka\",\"https:\/\/www.instagram.com\/arteduka\/\",\"https:\/\/www.youtube.com\/channel\/UC8FShWCe_tvSLnj3IONfFUA\"]}]}<\/script>\n<!-- \/ Yoast SEO plugin. -->","yoast_head_json":{"title":"Jogo de Estecas - 12 unidades - loja.arteduka","robots":{"index":"index","follow":"follow","max-snippet":"max-snippet:-1","max-image-preview":"max-image-preview:large","max-video-preview":"max-video-preview:-1"},"canonical":"https:\/\/loja.arteduka.com.br\/shop\/produto\/jogo-de-estecas-12-unidades\/","og_locale":"pt_BR","og_type":"article","og_title":"Jogo de Estecas - 12 unidades - loja.arteduka","og_description":"Este jogo tem 12 estecas\u00a0 e cada uma com 2 pontas diferentes.  &nbsp;  Cada ponta tem fun\u00e7\u00f5es que te possibilitam criar detalhes incr\u00edveis como boca de bonequinhos mais simples , furo das narinas , abertura de boca , cantinhos de olho e p\u00e1lpebras.  &nbsp;  Tamb\u00e9m permite criar texturas variadas.  &nbsp;  Com a criatividade voc\u00ea consegue usar de v\u00e1rias formas essas ferramentas","og_url":"https:\/\/loja.arteduka.com.br\/shop\/produto\/jogo-de-estecas-12-unidades\/","og_site_name":"loja.arteduka","article_publisher":"https:\/\/www.facebook.com\/arteduka","article_modified_time":"2025-04-23T22:33:40+00:00","og_image":[{"width":720,"height":812,"url":"https:\/\/loja.arteduka.com.br\/wp-content\/uploads\/2022\/08\/estecas-1.jpeg","type":"image\/jpeg"}],"twitter_card":"summary_large_image","twitter_misc":{"Est. tempo de leitura":"1 minuto"},"schema":{"@context":"https:\/\/schema.org","@graph":[{"@type":"WebPage","@id":"https:\/\/loja.arteduka.com.br\/shop\/produto\/jogo-de-estecas-12-unidades\/","url":"https:\/\/loja.arteduka.com.br\/shop\/produto\/jogo-de-estecas-12-unidades\/","name":"Jogo de Estecas - 12 unidades - loja.arteduka","isPartOf":{"@id":"https:\/\/loja.arteduka.com.br\/shop\/#website"},"primaryImageOfPage":{"@id":"https:\/\/loja.arteduka.com.br\/shop\/produto\/jogo-de-estecas-12-unidades\/#primaryimage"},"image":{"@id":"https:\/\/loja.arteduka.com.br\/shop\/produto\/jogo-de-estecas-12-unidades\/#primaryimage"},"thumbnailUrl":"https:\/\/loja.arteduka.com.br\/wp-content\/uploads\/2022\/08\/estecas-1.jpeg","datePublished":"2022-08-16T13:19:31+00:00","dateModified":"2025-04-23T22:33:40+00:00","breadcrumb":{"@id":"https:\/\/loja.arteduka.com.br\/shop\/produto\/jogo-de-estecas-12-unidades\/#breadcrumb"},"inLanguage":"pt-BR","potentialAction":[{"@type":"ReadAction","target":["https:\/\/loja.arteduka.com.br\/shop\/produto\/jogo-de-estecas-12-unidades\/"]}]},{"@type":"ImageObject","inLanguage":"pt-BR","@id":"https:\/\/loja.arteduka.com.br\/shop\/produto\/jogo-de-estecas-12-unidades\/#primaryimage","url":"https:\/\/loja.arteduka.com.br\/wp-content\/uploads\/2022\/08\/estecas-1.jpeg","contentUrl":"https:\/\/loja.arteduka.com.br\/wp-content\/uploads\/2022\/08\/estecas-1.jpeg","width":720,"height":812},{"@type":"BreadcrumbList","@id":"https:\/\/loja.arteduka.com.br\/shop\/produto\/jogo-de-estecas-12-unidades\/#breadcrumb","itemListElement":[{"@type":"ListItem","position":1,"name":"In\u00edcio","item":"https:\/\/loja.arteduka.com.br\/shop\/"},{"@type":"ListItem","position":2,"name":"Materiais para Biscuit","item":"https:\/\/loja.arteduka.com.br\/shop\/"},{"@type":"ListItem","position":3,"name":"Jogo de Estecas &#8211; 12 unidades"}]},{"@type":"WebSite","@id":"https:\/\/loja.arteduka.com.br\/shop\/#website","url":"https:\/\/loja.arteduka.com.br\/shop\/","name":"loja.arteduka","description":"materiais para biscuit","publisher":{"@id":"https:\/\/loja.arteduka.com.br\/shop\/#organization"},"potentialAction":[{"@type":"SearchAction","target":{"@type":"EntryPoint","urlTemplate":"https:\/\/loja.arteduka.com.br\/shop\/?s={search_term_string}"},"query-input":"required name=search_term_string"}],"inLanguage":"pt-BR"},{"@type":"Organization","@id":"https:\/\/loja.arteduka.com.br\/shop\/#organization","name":"Arteduka","url":"https:\/\/loja.arteduka.com.br\/shop\/","logo":{"@type":"ImageObject","inLanguage":"pt-BR","@id":"https:\/\/loja.arteduka.com.br\/shop\/#\/schema\/logo\/image\/","url":"https:\/\/loja.arteduka.com.br\/wp-content\/uploads\/2021\/06\/biscuit-3.png","contentUrl":"https:\/\/loja.arteduka.com.br\/wp-content\/uploads\/2021\/06\/biscuit-3.png","width":32,"height":32,"caption":"Arteduka"},"image":{"@id":"https:\/\/loja.arteduka.com.br\/shop\/#\/schema\/logo\/image\/"},"sameAs":["https:\/\/www.facebook.com\/arteduka","https:\/\/www.instagram.com\/arteduka\/","https:\/\/www.youtube.com\/channel\/UC8FShWCe_tvSLnj3IONfFUA"]}]}},"jetpack_sharing_enabled":true,"_links":{"self":[{"href":"https:\/\/loja.arteduka.com.br\/shop\/wp-json\/wp\/v2\/product\/4236"}],"collection":[{"href":"https:\/\/loja.arteduka.com.br\/shop\/wp-json\/wp\/v2\/product"}],"about":[{"href":"https:\/\/loja.arteduka.com.br\/shop\/wp-json\/wp\/v2\/types\/product"}],"replies":[{"embeddable":true,"href":"https:\/\/loja.arteduka.com.br\/shop\/wp-json\/wp\/v2\/comments?post=4236"}],"wp:featuredmedia":[{"embeddable":true,"href":"https:\/\/loja.arteduka.com.br\/shop\/wp-json\/wp\/v2\/media\/4237"}],"wp:attachment":[{"href":"https:\/\/loja.arteduka.com.br\/shop\/wp-json\/wp\/v2\/media?parent=4236"}],"wp:term":[{"taxonomy":"product_cat","embeddable":true,"href":"https:\/\/loja.arteduka.com.br\/shop\/wp-json\/wp\/v2\/product_cat?post=4236"},{"taxonomy":"product_tag","embeddable":true,"href":"https:\/\/loja.arteduka.com.br\/shop\/wp-json\/wp\/v2\/product_tag?post=4236"}],"curies":[{"name":"wp","href":"https:\/\/api.w.org\/{rel}","templated":true}]}}