{"id":125,"date":"2020-08-29T13:25:13","date_gmt":"2020-08-29T16:25:13","guid":{"rendered":"http:\/\/loja.arteduka.com.br\/?post_type=product&#038;p=125"},"modified":"2025-06-23T10:50:01","modified_gmt":"2025-06-23T13:50:01","slug":"molde-de-silicone-para-biscuit-fabrica-de-criatividade-personagem-feminino","status":"publish","type":"product","link":"https:\/\/loja.arteduka.com.br\/shop\/produto\/molde-de-silicone-para-biscuit-fabrica-de-criatividade-personagem-feminino\/","title":{"rendered":"Molde Para Biscuit F\u00e1brica de Criatividade Feminino"},"content":{"rendered":"<p>MOLDE DE SILICONE PARA ARTESANATO ( BISCUIT, RESINA , POLIMER CLAY, GESSO, MASSA DE EVA E SABONETE ) &#8211; Molde \u00e0 pronta-entrega<\/p>\n<p><iframe loading=\"lazy\" title=\"F\u00e1brica de Criatividade - Moldes de silicone para biscuit\" width=\"1200\" height=\"675\" src=\"https:\/\/www.youtube.com\/embed\/ApLHAfNr5Yg?feature=oembed\" frameborder=\"0\" allow=\"accelerometer; autoplay; clipboard-write; encrypted-media; gyroscope; picture-in-picture; web-share\" allowfullscreen><\/iframe><\/p>\n<p>F\u00c1BRICA DE CRIATIVIDADE &#8211; PERSONAGEM FEMININO ( COD 02)<\/p>\n<ul>\n<li>Acompanha videoaula ensinando a utilizar o molde de forma que crie pe\u00e7as incr\u00edveis em 3D;<br \/>\nModela Rosto e Corpo ;<br \/>\nO Molde n\u00e3o \u00e9\u00a0 Bipartido ;<\/li>\n<\/ul>\n<p><span style=\"color: #ffffff;\">Molde Femini<\/span><\/p>\n<ul>\n<li>O Kit cont\u00e9m 04 moldes : cabe\u00e7a, t\u00f3rax , pernas e bra\u00e7os ;<br \/>\nIdeal para para cria\u00e7\u00e3o de v\u00e1rios personagens colecion\u00e1veis Femininos como : Princesas , Debutantes , Personagens de Filmes e at\u00e9 mesmo personaliza\u00e7\u00f5es criativas ao gosto do seu cliente ;<\/li>\n<\/ul>\n<p>&nbsp;<\/p>\n<ul>\n<li>Medidas do Molde com a pe\u00e7a depois de seca : 16 cm ;<br \/>\nMedida da Cabe\u00e7a : 3cm altura , 2 cm de largura . Ideal utilizar bolinha de isopor no tamanho de 20mm ( bolinha 2) ;<br \/>\nMedidas do T\u00f3rax : 7 cm de altura , 3 cm de largura ;<br \/>\nMedidas do Bra\u00e7o : 6,5\u00a0cm de altura , 1 cm de largura ;<br \/>\nMedidas da Perna : 9 cm de altura , 2 cm de largura ;<\/li>\n<\/ul>\n<p>&nbsp;<\/p>\n<ul>\n<li>Produto original feito pela Arteduka ;<\/li>\n<li>A pe\u00e7a matriz foi criada , desenvolvida e modelada \u00e0 m\u00e3o pela Artista Pl\u00e1stica Aline Marinho\u00a0 professora da Arteduka;<\/li>\n<\/ul>\n<p><span style=\"color: #ffffff;\">Molde Feminino<\/span><\/p>\n<ul>\n<li>Obs: Imagem meramente Ilustrativa , as cores do Molde podem variar , pe\u00e7as de exemplo n\u00e3o acompanham o molde .<br \/>\nC\u00f3digo do produto ( COD 02)<\/li>\n<\/ul>\n","protected":false},"excerpt":{"rendered":"<p>F\u00c1BRICA DE CRIATIVIDADE &#8211; PERSONAGEM FEMININO ( COD 02)<\/p>\n<p>Utilize este Molde de Silicone para criar pe\u00e7as Incr\u00edveis em 3D!<\/p>\n<p>Molde \u00e0 pronta-entrega<\/p>\n<p>Acompanha videoaula ensinando a utilizar o molde ;<br \/>\nModela Rosto e Corpo ;<br \/>\nO Molde n\u00e3o \u00e9\u00a0 Bipartido ;<\/p>\n<p>O Kit cont\u00e9m 04 moldes : cabe\u00e7a, t\u00f3rax , pernas e bra\u00e7os ;<br \/>\nIdeal para para cria\u00e7\u00e3o de v\u00e1rios personagens colecion\u00e1veis Femininos como : Princesas , Debutantes , Personagens de Filmes e at\u00e9 mesmo personaliza\u00e7\u00f5es criativas ao gosto do seu cliente ;<\/p>\n<p>&nbsp;<\/p>\n","protected":false},"featured_media":3946,"comment_status":"open","ping_status":"closed","template":"","meta":[],"product_cat":[113],"product_tag":[22,23,25,27,28],"class_list":{"0":"post-125","1":"product","2":"type-product","3":"status-publish","4":"has-post-thumbnail","6":"product_cat-molde-de-silicone-para-biscuit","7":"product_tag-biscuit","8":"product_tag-molde-de-silicone","9":"product_tag-molde-para-biscuit","10":"product_tag-personagens-de-biscuit","11":"product_tag-personagens-femininos","13":"first","14":"instock","15":"featured","16":"shipping-taxable","17":"purchasable","18":"product-type-simple"},"yoast_head":"<!-- This site is optimized with the Yoast SEO plugin v23.0 - https:\/\/yoast.com\/wordpress\/plugins\/seo\/ -->\n<title>Molde Feminino - Molde de Silicone para Biscuit - loja.arteduka<\/title>\n<meta name=\"description\" content=\"Molde Feminino .Utilize este Molde de Silicone para criar pe\u00e7as Incr\u00edveis em 3D .Modelos a pronta entrega Loja com avalia\u00e7\u00e3o 5 estrelas.\" \/>\n<meta name=\"robots\" content=\"index, follow, max-snippet:-1, max-image-preview:large, max-video-preview:-1\" \/>\n<link rel=\"canonical\" href=\"https:\/\/loja.arteduka.com.br\/shop\/produto\/molde-de-silicone-para-biscuit-fabrica-de-criatividade-personagem-feminino\/\" \/>\n<meta property=\"og:locale\" content=\"pt_BR\" \/>\n<meta property=\"og:type\" content=\"article\" \/>\n<meta property=\"og:title\" content=\"Molde Feminino - Molde de Silicone para Biscuit - loja.arteduka\" \/>\n<meta property=\"og:description\" content=\"Molde Feminino .Utilize este Molde de Silicone para criar pe\u00e7as Incr\u00edveis em 3D .Modelos a pronta entrega Loja com avalia\u00e7\u00e3o 5 estrelas.\" \/>\n<meta property=\"og:url\" content=\"https:\/\/loja.arteduka.com.br\/shop\/produto\/molde-de-silicone-para-biscuit-fabrica-de-criatividade-personagem-feminino\/\" \/>\n<meta property=\"og:site_name\" content=\"loja.arteduka\" \/>\n<meta property=\"article:publisher\" content=\"https:\/\/www.facebook.com\/arteduka\" \/>\n<meta property=\"article:modified_time\" content=\"2025-06-23T13:50:01+00:00\" \/>\n<meta property=\"og:image\" content=\"https:\/\/loja.arteduka.com.br\/wp-content\/uploads\/2020\/08\/molde-feminino-3.jpg\" \/>\n\t<meta property=\"og:image:width\" content=\"640\" \/>\n\t<meta property=\"og:image:height\" content=\"640\" \/>\n\t<meta property=\"og:image:type\" content=\"image\/jpeg\" \/>\n<meta name=\"twitter:card\" content=\"summary_large_image\" \/>\n<meta name=\"twitter:label1\" content=\"Est. tempo de leitura\" \/>\n\t<meta name=\"twitter:data1\" content=\"2 minutos\" \/>\n<script type=\"application\/ld+json\" class=\"yoast-schema-graph\">{\"@context\":\"https:\/\/schema.org\",\"@graph\":[{\"@type\":\"WebPage\",\"@id\":\"https:\/\/loja.arteduka.com.br\/shop\/produto\/molde-de-silicone-para-biscuit-fabrica-de-criatividade-personagem-feminino\/\",\"url\":\"https:\/\/loja.arteduka.com.br\/shop\/produto\/molde-de-silicone-para-biscuit-fabrica-de-criatividade-personagem-feminino\/\",\"name\":\"Molde Feminino - Molde de Silicone para Biscuit - loja.arteduka\",\"isPartOf\":{\"@id\":\"https:\/\/loja.arteduka.com.br\/shop\/#website\"},\"primaryImageOfPage\":{\"@id\":\"https:\/\/loja.arteduka.com.br\/shop\/produto\/molde-de-silicone-para-biscuit-fabrica-de-criatividade-personagem-feminino\/#primaryimage\"},\"image\":{\"@id\":\"https:\/\/loja.arteduka.com.br\/shop\/produto\/molde-de-silicone-para-biscuit-fabrica-de-criatividade-personagem-feminino\/#primaryimage\"},\"thumbnailUrl\":\"https:\/\/loja.arteduka.com.br\/wp-content\/uploads\/2020\/08\/molde-feminino-3.jpg\",\"datePublished\":\"2020-08-29T16:25:13+00:00\",\"dateModified\":\"2025-06-23T13:50:01+00:00\",\"description\":\"Molde Feminino .Utilize este Molde de Silicone para criar pe\u00e7as Incr\u00edveis em 3D .Modelos a pronta entrega Loja com avalia\u00e7\u00e3o 5 estrelas.\",\"breadcrumb\":{\"@id\":\"https:\/\/loja.arteduka.com.br\/shop\/produto\/molde-de-silicone-para-biscuit-fabrica-de-criatividade-personagem-feminino\/#breadcrumb\"},\"inLanguage\":\"pt-BR\",\"potentialAction\":[{\"@type\":\"ReadAction\",\"target\":[\"https:\/\/loja.arteduka.com.br\/shop\/produto\/molde-de-silicone-para-biscuit-fabrica-de-criatividade-personagem-feminino\/\"]}]},{\"@type\":\"ImageObject\",\"inLanguage\":\"pt-BR\",\"@id\":\"https:\/\/loja.arteduka.com.br\/shop\/produto\/molde-de-silicone-para-biscuit-fabrica-de-criatividade-personagem-feminino\/#primaryimage\",\"url\":\"https:\/\/loja.arteduka.com.br\/wp-content\/uploads\/2020\/08\/molde-feminino-3.jpg\",\"contentUrl\":\"https:\/\/loja.arteduka.com.br\/wp-content\/uploads\/2020\/08\/molde-feminino-3.jpg\",\"width\":640,\"height\":640},{\"@type\":\"BreadcrumbList\",\"@id\":\"https:\/\/loja.arteduka.com.br\/shop\/produto\/molde-de-silicone-para-biscuit-fabrica-de-criatividade-personagem-feminino\/#breadcrumb\",\"itemListElement\":[{\"@type\":\"ListItem\",\"position\":1,\"name\":\"In\u00edcio\",\"item\":\"https:\/\/loja.arteduka.com.br\/shop\/\"},{\"@type\":\"ListItem\",\"position\":2,\"name\":\"Materiais para Biscuit\",\"item\":\"https:\/\/loja.arteduka.com.br\/shop\/\"},{\"@type\":\"ListItem\",\"position\":3,\"name\":\"Molde Para Biscuit F\u00e1brica de Criatividade Feminino\"}]},{\"@type\":\"WebSite\",\"@id\":\"https:\/\/loja.arteduka.com.br\/shop\/#website\",\"url\":\"https:\/\/loja.arteduka.com.br\/shop\/\",\"name\":\"loja.arteduka\",\"description\":\"materiais para biscuit\",\"publisher\":{\"@id\":\"https:\/\/loja.arteduka.com.br\/shop\/#organization\"},\"potentialAction\":[{\"@type\":\"SearchAction\",\"target\":{\"@type\":\"EntryPoint\",\"urlTemplate\":\"https:\/\/loja.arteduka.com.br\/shop\/?s={search_term_string}\"},\"query-input\":\"required name=search_term_string\"}],\"inLanguage\":\"pt-BR\"},{\"@type\":\"Organization\",\"@id\":\"https:\/\/loja.arteduka.com.br\/shop\/#organization\",\"name\":\"Arteduka\",\"url\":\"https:\/\/loja.arteduka.com.br\/shop\/\",\"logo\":{\"@type\":\"ImageObject\",\"inLanguage\":\"pt-BR\",\"@id\":\"https:\/\/loja.arteduka.com.br\/shop\/#\/schema\/logo\/image\/\",\"url\":\"https:\/\/loja.arteduka.com.br\/wp-content\/uploads\/2021\/06\/biscuit-3.png\",\"contentUrl\":\"https:\/\/loja.arteduka.com.br\/wp-content\/uploads\/2021\/06\/biscuit-3.png\",\"width\":32,\"height\":32,\"caption\":\"Arteduka\"},\"image\":{\"@id\":\"https:\/\/loja.arteduka.com.br\/shop\/#\/schema\/logo\/image\/\"},\"sameAs\":[\"https:\/\/www.facebook.com\/arteduka\",\"https:\/\/www.instagram.com\/arteduka\/\",\"https:\/\/www.youtube.com\/channel\/UC8FShWCe_tvSLnj3IONfFUA\"]}]}<\/script>\n<!-- \/ Yoast SEO plugin. -->","yoast_head_json":{"title":"Molde Feminino - Molde de Silicone para Biscuit - loja.arteduka","description":"Molde Feminino .Utilize este Molde de Silicone para criar pe\u00e7as Incr\u00edveis em 3D .Modelos a pronta entrega Loja com avalia\u00e7\u00e3o 5 estrelas.","robots":{"index":"index","follow":"follow","max-snippet":"max-snippet:-1","max-image-preview":"max-image-preview:large","max-video-preview":"max-video-preview:-1"},"canonical":"https:\/\/loja.arteduka.com.br\/shop\/produto\/molde-de-silicone-para-biscuit-fabrica-de-criatividade-personagem-feminino\/","og_locale":"pt_BR","og_type":"article","og_title":"Molde Feminino - Molde de Silicone para Biscuit - loja.arteduka","og_description":"Molde Feminino .Utilize este Molde de Silicone para criar pe\u00e7as Incr\u00edveis em 3D .Modelos a pronta entrega Loja com avalia\u00e7\u00e3o 5 estrelas.","og_url":"https:\/\/loja.arteduka.com.br\/shop\/produto\/molde-de-silicone-para-biscuit-fabrica-de-criatividade-personagem-feminino\/","og_site_name":"loja.arteduka","article_publisher":"https:\/\/www.facebook.com\/arteduka","article_modified_time":"2025-06-23T13:50:01+00:00","og_image":[{"width":640,"height":640,"url":"https:\/\/loja.arteduka.com.br\/wp-content\/uploads\/2020\/08\/molde-feminino-3.jpg","type":"image\/jpeg"}],"twitter_card":"summary_large_image","twitter_misc":{"Est. tempo de leitura":"2 minutos"},"schema":{"@context":"https:\/\/schema.org","@graph":[{"@type":"WebPage","@id":"https:\/\/loja.arteduka.com.br\/shop\/produto\/molde-de-silicone-para-biscuit-fabrica-de-criatividade-personagem-feminino\/","url":"https:\/\/loja.arteduka.com.br\/shop\/produto\/molde-de-silicone-para-biscuit-fabrica-de-criatividade-personagem-feminino\/","name":"Molde Feminino - Molde de Silicone para Biscuit - loja.arteduka","isPartOf":{"@id":"https:\/\/loja.arteduka.com.br\/shop\/#website"},"primaryImageOfPage":{"@id":"https:\/\/loja.arteduka.com.br\/shop\/produto\/molde-de-silicone-para-biscuit-fabrica-de-criatividade-personagem-feminino\/#primaryimage"},"image":{"@id":"https:\/\/loja.arteduka.com.br\/shop\/produto\/molde-de-silicone-para-biscuit-fabrica-de-criatividade-personagem-feminino\/#primaryimage"},"thumbnailUrl":"https:\/\/loja.arteduka.com.br\/wp-content\/uploads\/2020\/08\/molde-feminino-3.jpg","datePublished":"2020-08-29T16:25:13+00:00","dateModified":"2025-06-23T13:50:01+00:00","description":"Molde Feminino .Utilize este Molde de Silicone para criar pe\u00e7as Incr\u00edveis em 3D .Modelos a pronta entrega Loja com avalia\u00e7\u00e3o 5 estrelas.","breadcrumb":{"@id":"https:\/\/loja.arteduka.com.br\/shop\/produto\/molde-de-silicone-para-biscuit-fabrica-de-criatividade-personagem-feminino\/#breadcrumb"},"inLanguage":"pt-BR","potentialAction":[{"@type":"ReadAction","target":["https:\/\/loja.arteduka.com.br\/shop\/produto\/molde-de-silicone-para-biscuit-fabrica-de-criatividade-personagem-feminino\/"]}]},{"@type":"ImageObject","inLanguage":"pt-BR","@id":"https:\/\/loja.arteduka.com.br\/shop\/produto\/molde-de-silicone-para-biscuit-fabrica-de-criatividade-personagem-feminino\/#primaryimage","url":"https:\/\/loja.arteduka.com.br\/wp-content\/uploads\/2020\/08\/molde-feminino-3.jpg","contentUrl":"https:\/\/loja.arteduka.com.br\/wp-content\/uploads\/2020\/08\/molde-feminino-3.jpg","width":640,"height":640},{"@type":"BreadcrumbList","@id":"https:\/\/loja.arteduka.com.br\/shop\/produto\/molde-de-silicone-para-biscuit-fabrica-de-criatividade-personagem-feminino\/#breadcrumb","itemListElement":[{"@type":"ListItem","position":1,"name":"In\u00edcio","item":"https:\/\/loja.arteduka.com.br\/shop\/"},{"@type":"ListItem","position":2,"name":"Materiais para Biscuit","item":"https:\/\/loja.arteduka.com.br\/shop\/"},{"@type":"ListItem","position":3,"name":"Molde Para Biscuit F\u00e1brica de Criatividade Feminino"}]},{"@type":"WebSite","@id":"https:\/\/loja.arteduka.com.br\/shop\/#website","url":"https:\/\/loja.arteduka.com.br\/shop\/","name":"loja.arteduka","description":"materiais para biscuit","publisher":{"@id":"https:\/\/loja.arteduka.com.br\/shop\/#organization"},"potentialAction":[{"@type":"SearchAction","target":{"@type":"EntryPoint","urlTemplate":"https:\/\/loja.arteduka.com.br\/shop\/?s={search_term_string}"},"query-input":"required name=search_term_string"}],"inLanguage":"pt-BR"},{"@type":"Organization","@id":"https:\/\/loja.arteduka.com.br\/shop\/#organization","name":"Arteduka","url":"https:\/\/loja.arteduka.com.br\/shop\/","logo":{"@type":"ImageObject","inLanguage":"pt-BR","@id":"https:\/\/loja.arteduka.com.br\/shop\/#\/schema\/logo\/image\/","url":"https:\/\/loja.arteduka.com.br\/wp-content\/uploads\/2021\/06\/biscuit-3.png","contentUrl":"https:\/\/loja.arteduka.com.br\/wp-content\/uploads\/2021\/06\/biscuit-3.png","width":32,"height":32,"caption":"Arteduka"},"image":{"@id":"https:\/\/loja.arteduka.com.br\/shop\/#\/schema\/logo\/image\/"},"sameAs":["https:\/\/www.facebook.com\/arteduka","https:\/\/www.instagram.com\/arteduka\/","https:\/\/www.youtube.com\/channel\/UC8FShWCe_tvSLnj3IONfFUA"]}]}},"jetpack_sharing_enabled":true,"_links":{"self":[{"href":"https:\/\/loja.arteduka.com.br\/shop\/wp-json\/wp\/v2\/product\/125"}],"collection":[{"href":"https:\/\/loja.arteduka.com.br\/shop\/wp-json\/wp\/v2\/product"}],"about":[{"href":"https:\/\/loja.arteduka.com.br\/shop\/wp-json\/wp\/v2\/types\/product"}],"replies":[{"embeddable":true,"href":"https:\/\/loja.arteduka.com.br\/shop\/wp-json\/wp\/v2\/comments?post=125"}],"wp:featuredmedia":[{"embeddable":true,"href":"https:\/\/loja.arteduka.com.br\/shop\/wp-json\/wp\/v2\/media\/3946"}],"wp:attachment":[{"href":"https:\/\/loja.arteduka.com.br\/shop\/wp-json\/wp\/v2\/media?parent=125"}],"wp:term":[{"taxonomy":"product_cat","embeddable":true,"href":"https:\/\/loja.arteduka.com.br\/shop\/wp-json\/wp\/v2\/product_cat?post=125"},{"taxonomy":"product_tag","embeddable":true,"href":"https:\/\/loja.arteduka.com.br\/shop\/wp-json\/wp\/v2\/product_tag?post=125"}],"curies":[{"name":"wp","href":"https:\/\/api.w.org\/{rel}","templated":true}]}}